{"id":236,"date":"2014-11-09T19:27:38","date_gmt":"2014-11-09T18:27:38","guid":{"rendered":"http:\/\/www.chorale-epoisses.fr\/blog\/?page_id=236"},"modified":"2022-06-09T08:41:44","modified_gmt":"2022-06-09T07:41:44","slug":"histoire","status":"publish","type":"page","link":"http:\/\/www.chorale-epoisses.fr\/blog\/?page_id=236","title":{"rendered":"Histoire"},"content":{"rendered":"<p><strong>HISTORIQUE DE LA CHORALE<\/strong><br \/>\nEn 2012 la chorale d&rsquo;Epoisses a f\u00eat\u00e9 ses 30 ans<br \/>\n<img decoding=\"async\" class=\"aligncenter\" src=\"http:\/\/www.chorale-epoisses.fr\/images\/cho30.jpg\" alt=\"chorale d'Epoisses\" \/><br \/>\nA partir de 1979, quelques personnes d\u00e9sireuses de chanter se r\u00e9unissent chaque semaine.<br \/>\n1 \u2013 En 1981, Jean BERTHAUT prend la direction du groupe qui deviendra la Chorale d\u2019Epoisses.<br \/>\n2 temps forts :<br \/>\na) La rencontre avec John Littleton, ambassadeur du Negro Spiritual, est d\u00e9terminante pour la Chorale d\u2019Epoisses qui aura l\u2019honneur de chanter avec lui, sur sa demande \u00e0 plusieurs reprises : en octobre 1981 en la chapelle de Messigny ; la messe de No\u00ebl \u00e0 Epoisses en 1982 ; un concert \u00e0 Epoisses le 30 juin 1984 et la messe \u00e0 Epoisses au cours de laquelle est baptis\u00e9e la 3e cloche du carillon le 1er juillet. Enfin, en d\u00e9cembre 1984, l\u2019op\u00e9ration \u00ab Un enfant, un jouet \u00bb initi\u00e9e par FR3 Bourgogne nous permet de chanter \u00e0 nouveau avec lui.<\/p>\n<p>b) La chorale en concours :<br \/>\nConcours d\u00e9partemental \u00e0 Mirebeau-sur-B\u00e8ze, \u00e0 Saint-Apollinaire o\u00f9 la chorale d\u2019Epoisses se distingue par ses r\u00e9sultats.<\/p>\n<p>c) Par ailleurs, la chorale se produit en concert r\u00e9guli\u00e8rement. Elle s\u2019est \u00e9toff\u00e9e au fil des ann\u00e9es et se fait une bonne r\u00e9putation.<\/p>\n<p>Mais Jean Berthaut, pour des raisons professionnelles, doit quitter la direction en 1991.<\/p>\n<p>2- Bernard DUREY, t\u00e9nor, prend sa succession.<\/p>\n<p>D\u2019autres activit\u00e9s naissent au sein du groupe.<\/p>\n<p>a) Christophe DUHAMEL, musicien, harmonisateur, organise des stages de chant choral dans le Jura ; quelques choristes d\u2019Epoisses y assistent : c\u2019est le d\u00e9but d\u2019une relation amicale avec Christophe.<br \/>\nDepuis 2001, la chorale d\u2019Epoisses organise chaque ann\u00e9e des stages sur 2 jours, anim\u00e9s par Christophe Duhamel, d\u2019abord \u00e0 TOUTRY, puis \u00e0 EPOISSES. Le nombre des stagiaires est pass\u00e9 de 80 la 1\u00e8re ann\u00e9e \u00e0 163 en 2007.<br \/>\nChaque week-end chantant est une r\u00e9ussite : les stagiaires n\u2019h\u00e9sitent pas \u00e0 traverser plusieurs d\u00e9partements pour y assister ; ils appr\u00e9cient notre accueil, la convivialit\u00e9 qui r\u00e8gne au sein du groupe.<br \/>\nLe dimanche apr\u00e8s-midi, un public nombreux assiste \u00e0 la restitution des chants appris pendant le stage.<br \/>\nb) La Chorale d\u2019Epoisses participe \u00e0 la F\u00eate de la Musique, chante pour des \u0153uvres, des causes humanitaires : Roumanie, Mille Ch\u0153urs Pour un Regard, le Lions-Club, le Rotary Club\u2026<br \/>\nc) Elle anime sur demande des messes de mariage, des messes lors d\u2019inauguration de restauration d\u2019\u00e9glises.<br \/>\nd) Elle se produit en concert avec un r\u00e9pertoire diversifi\u00e9. Avant No\u00ebl, plusieurs concerts sont consacr\u00e9s aux chants classiques et aux chants de No\u00ebl traditionnels.<br \/>\ne) Elle organise des \u00e9changes avec d\u2019autres chorales : concerts avec Meursault, Toucy, Joigny, les Ch\u0153urs de la Doye d\u2019Ain\u2026<br \/>\nEn avril 2008, la Chorale, pour la 1\u00e8re fois, re\u00e7oit la chorale HARMONIA de SAINT- PAVACE (pr\u00e8s du Mans) pendant 2 jours : visite de la r\u00e9gion, concert et repas pris en commun. Ce d\u00e9but de rencontre est un succ\u00e8s. Les Espic\u00e9ens iront \u00e0 Saint-Pavace l\u2019an prochain au printemps.<br \/>\nEn octobre 2011 la Chorale est invit\u00e9e par la Chorale Amista de Sorgues pour un \u00e9change musical convivial et touristique<br \/>\nLa Chorale d\u2019EPOISSES, toujours dirig\u00e9e par Bernard DUREY, continue de se faire un nom, forte de ses 53 choristes, avec un. r\u00e9pertoire \u00e9clectique : chant classique, sacr\u00e9, contemporain et gospel.<\/p>\n","protected":false},"excerpt":{"rendered":"<p>HISTORIQUE DE LA CHORALE En 2012 la chorale d&rsquo;Epoisses a f\u00eat\u00e9 ses 30 ans A partir de 1979, quelques personnes d\u00e9sireuses de chanter se r\u00e9unissent chaque semaine. 1 \u2013 En 1981, Jean BERTHAUT prend la direction du groupe qui deviendra la Chorale d\u2019Epoisses. 2 temps forts : a) La rencontre avec John Littleton, ambassadeur du &hellip; <a href=\"http:\/\/www.chorale-epoisses.fr\/blog\/?page_id=236\" class=\"more-link\">Continuer la lecture de <span class=\"screen-reader-text\">Histoire<\/span>  <span class=\"meta-nav\">&rarr;<\/span><\/a><\/p>\n","protected":false},"author":3,"featured_media":0,"parent":0,"menu_order":0,"comment_status":"open","ping_status":"open","template":"","meta":{"footnotes":""},"class_list":["post-236","page","type-page","status-publish","hentry"],"_links":{"self":[{"href":"http:\/\/www.chorale-epoisses.fr\/blog\/index.php?rest_route=\/wp\/v2\/pages\/236","targetHints":{"allow":["GET"]}}],"collection":[{"href":"http:\/\/www.chorale-epoisses.fr\/blog\/index.php?rest_route=\/wp\/v2\/pages"}],"about":[{"href":"http:\/\/www.chorale-epoisses.fr\/blog\/index.php?rest_route=\/wp\/v2\/types\/page"}],"author":[{"embeddable":true,"href":"http:\/\/www.chorale-epoisses.fr\/blog\/index.php?rest_route=\/wp\/v2\/users\/3"}],"replies":[{"embeddable":true,"href":"http:\/\/www.chorale-epoisses.fr\/blog\/index.php?rest_route=%2Fwp%2Fv2%2Fcomments&post=236"}],"version-history":[{"count":7,"href":"http:\/\/www.chorale-epoisses.fr\/blog\/index.php?rest_route=\/wp\/v2\/pages\/236\/revisions"}],"predecessor-version":[{"id":1722,"href":"http:\/\/www.chorale-epoisses.fr\/blog\/index.php?rest_route=\/wp\/v2\/pages\/236\/revisions\/1722"}],"wp:attachment":[{"href":"http:\/\/www.chorale-epoisses.fr\/blog\/index.php?rest_route=%2Fwp%2Fv2%2Fmedia&parent=236"}],"curies":[{"name":"wp","href":"https:\/\/api.w.org\/{rel}","templated":true}]}}