{"id":338,"date":"2015-06-02T14:58:26","date_gmt":"2015-06-02T13:58:26","guid":{"rendered":"http:\/\/www.chorale-epoisses.fr\/blog\/?page_id=338"},"modified":"2016-08-05T09:32:48","modified_gmt":"2016-08-05T08:32:48","slug":"recrutement","status":"publish","type":"page","link":"http:\/\/www.chorale-epoisses.fr\/blog\/?page_id=338","title":{"rendered":"Recrutement"},"content":{"rendered":"<p>La chorale recrute :<\/p>\n<p>Si vous aimez chanter, si vous avez envie de vous \u00e9vader dans une ambiance cordiale, venez nous rejoindre.<br \/>\nNous travaillons avec\u00a02 pupitres f\u00e9minins soprano et alto, et 2 pupitres d&rsquo;hommes tenor et basse<\/p>\n<p>Il suffit d&rsquo;avoir une bonne \u00e9coute, de chanter juste, et l&rsquo;apprentissage se fait au fur et \u00e0 mesure. Une audition est r\u00e9alis\u00e9e par le chef de choeur pour d\u00e9terminer la tessiture et donc l&rsquo;affectation \u00e0 un pupitre.<\/p>\n<p>Les r\u00e9p\u00e9titions ont lieu le jeudi soir \u00e0 20 h\u00a0 salle du SIVU \u00e0 Epoisses.<\/p>\n<p>Utilisez la page contact pour vous renseigner<\/p>\n","protected":false},"excerpt":{"rendered":"<p>La chorale recrute : Si vous aimez chanter, si vous avez envie de vous \u00e9vader dans une ambiance cordiale, venez nous rejoindre. Nous travaillons avec\u00a02 pupitres f\u00e9minins soprano et alto, et 2 pupitres d&rsquo;hommes tenor et basse Il suffit d&rsquo;avoir une bonne \u00e9coute, de chanter juste, et l&rsquo;apprentissage se fait au fur et \u00e0 mesure. &hellip; <a href=\"http:\/\/www.chorale-epoisses.fr\/blog\/?page_id=338\" class=\"more-link\">Continuer la lecture de <span class=\"screen-reader-text\">Recrutement<\/span>  <span class=\"meta-nav\">&rarr;<\/span><\/a><\/p>\n","protected":false},"author":3,"featured_media":0,"parent":0,"menu_order":0,"comment_status":"open","ping_status":"open","template":"","meta":{"footnotes":""},"class_list":["post-338","page","type-page","status-publish","hentry"],"_links":{"self":[{"href":"http:\/\/www.chorale-epoisses.fr\/blog\/index.php?rest_route=\/wp\/v2\/pages\/338","targetHints":{"allow":["GET"]}}],"collection":[{"href":"http:\/\/www.chorale-epoisses.fr\/blog\/index.php?rest_route=\/wp\/v2\/pages"}],"about":[{"href":"http:\/\/www.chorale-epoisses.fr\/blog\/index.php?rest_route=\/wp\/v2\/types\/page"}],"author":[{"embeddable":true,"href":"http:\/\/www.chorale-epoisses.fr\/blog\/index.php?rest_route=\/wp\/v2\/users\/3"}],"replies":[{"embeddable":true,"href":"http:\/\/www.chorale-epoisses.fr\/blog\/index.php?rest_route=%2Fwp%2Fv2%2Fcomments&post=338"}],"version-history":[{"count":4,"href":"http:\/\/www.chorale-epoisses.fr\/blog\/index.php?rest_route=\/wp\/v2\/pages\/338\/revisions"}],"predecessor-version":[{"id":544,"href":"http:\/\/www.chorale-epoisses.fr\/blog\/index.php?rest_route=\/wp\/v2\/pages\/338\/revisions\/544"}],"wp:attachment":[{"href":"http:\/\/www.chorale-epoisses.fr\/blog\/index.php?rest_route=%2Fwp%2Fv2%2Fmedia&parent=338"}],"curies":[{"name":"wp","href":"https:\/\/api.w.org\/{rel}","templated":true}]}}

<p>La chorale recrute :</p>
<p>Si vous aimez chanter, si vous avez envie de vous évader dans une ambiance cordiale, venez nous rejoindre.<br />
Nous travaillons avec 2 pupitres féminins soprano et alto, et 2 pupitres d&rsquo;hommes tenor et basse</p>
<p>Il suffit d&rsquo;avoir une bonne écoute, de chanter juste, et l&rsquo;apprentissage se fait au fur et à mesure. Une audition est réalisée par le chef de choeur pour déterminer la tessiture et donc l&rsquo;affectation à un pupitre.</p>
<p>Les répétitions ont lieu le jeudi soir à 20 h  salle du SIVU à Epoisses.</p>
<p>Utilisez la page contact pour vous renseigner</p>

<p>La chorale recrute : Si vous aimez chanter, si vous avez envie de vous évader dans une ambiance cordiale, venez nous rejoindre. Nous travaillons avec 2 pupitres féminins soprano et alto, et 2 pupitres d&rsquo;hommes tenor et basse Il suffit d&rsquo;avoir une bonne écoute, de chanter juste, et l&rsquo;apprentissage se fait au fur et à mesure. &hellip; <a href="http://www.chorale-epoisses.fr/blog/?page_id=338" class="more-link">Continuer la lecture de <span class="screen-reader-text">Recrutement</span>  <span class="meta-nav">&rarr;</span></a></p>
